isor of t and o.
11
Suppose -2*h - 18*o + 112 = -14*o, 4*h - 5*o - 276 = 0. What is the greatest common divisor of 24 and h?
8
Let g = 332 + -326. Calculate the greatest common factor of g and 27.
3
Let i = 10 + 32. Calculate the greatest common factor of 2814 and i.
42
Suppose 24 = 8*y - 7*y. Let o be 4/(y/369)*2. Suppose -n + p = -42, p + p = 3*n - o. What is the highest common divisor of n and 13?
13
Suppose 27 = 4*p - 7*p. Let c be (-2)/p + (-8760)/54. Let r be (c/(-90))/(1/15). What is the greatest common divisor of 18 and r?
9
Suppose -6*c + 2*q = -4*c - 230, 5*c - 571 = q. Calculate the greatest common factor of 190 and c.
38
Suppose -t + 34 = 21. Suppose -4*w = -3*z - 51, -4*w + z + 54 = t. Suppose f - 16 = 20. What is the highest common factor of f and w?
9
Suppose -22*h + 5388 = 1318. Calculate the greatest common factor of h and 20.
5
Let d(o) = 9*o**3 + 3*o**2 - 3*o + 1. Let z be d(2). Suppose -19 = y + v - 104, y = 5*v + z. Calculate the highest common divisor of 12 and y.
12
Suppose -5*i + 304 = -3*j, j = 5*i - i - 246. Let b = i - 54. What is the greatest common factor of b and 40?
8
Let l be (-3 + 129/(-12))*-40. Suppose -7*v + 206 = -l. What is the highest common factor of 27 and v?
27
Suppose 4*w = -3*r + 18, 3*w = -3*r - 0*w + 15. Suppose 6*m - h - 58 = r*m, -2*h + 19 = m. Calculate the greatest common factor of m and 30.
15
Let f(w) be the second derivative of w**4/12 + 7*w**3/6 + 4*w**2 - 2*w. Let v be f(-6). Suppose -115 = -v*z + 47. What is the greatest common factor of z and 9?
9
Suppose -2*l + 449 = -727. What is the highest common factor of 168 and l?
84
Let x be (-13 + -1)/14 - (-3 + -1). What is the greatest common divisor of x and 17?
1
Let c = 15 + -22. Let u(g) = 0*g**2 - g**3 - 7*g**2 - 55 - g + 55. Let d be u(c). What is the greatest common factor of d and 7?
7
Let x be (-12)/30 + (-77)/(-5). Suppose -4*z - 100 = 2*b, 5*z + 0*b + 127 = -3*b. Let j = x - z. What is the greatest common factor of 57 and j?
19
Let k be (-1)/(-9) - (-31061)/3141. Suppose -7 = -2*n + 9. Calculate the highest common factor of n and k.
2
Let m(j) be the third derivative of j**5/20 - j**4/12 - j**3 - 9*j**2. Let h be m(-7). What is the greatest common factor of h and 31?
31
Let k = -10 + 10. Suppose -n = q - 64, k = 4*q + n - 6 - 235. Suppose -q = -v + 29. What is the greatest common factor of 11 and v?
11
Let o = 60 + -38. Suppose 0 = 3*s + i + 277, i - 292 = 4*s + 89. Let n = s + 127. Calculate the greatest common factor of o and n.
11
Let f = 1478 + -1048. Calculate the greatest common factor of f and 30.
10
Let v be 136/(-6)*9/(-6). Suppose 0 = -5*i + 3*y + 30, i = 2*y + 16 - 3. Suppose 0 = -0*q + i*q - 204. What is the highest common factor of v and q?
34
Let z = -327 + 377. What is the highest common divisor of z and 30?
10
Suppose -8 = 4*z, -2*z = t - 7*z - 3130. What is the highest common factor of 16 and t?
16
Let i be (-84)/(-1218) - 147/29 - -117. What is the highest common divisor of 256 and i?
16
Let z = -43 - -99. Calculate the highest common divisor of 49 and z.
7
Let d(t) = -2*t**3 - 16*t**2 - 11*t + 23. Let q be d(-7). Calculate the greatest common factor of q and 374.
2
Suppose -7*v + 10*v = -d + 228, -5*d + 4*v + 1102 = 0. What is the highest common factor of 148 and d?
74
Let b = 183 + -113. Calculate the greatest common factor of 14 and b.
14
Suppose -v + 4*b + 4 = 0, 0 = -3*v + 4*b + 15 + 21. Suppose 875 = 9*x - 1069. Suppose -5*s = -14*s + x. Calculate the greatest common divisor of s and v.
8
Let o(u) = -2*u**2 - 11*u - 21. Let k be o(-3). Let m(j) = -25*j + 15. Let v be m(k). Let r = -22 - -37. What is the greatest common divisor of v and r?
15
Let o be (1*(-81)/1)/1. Let u = 95 + o. Calculate the highest common factor of 77 and u.
7
Let m(b) = 13*b**2 - 5*b + 24. Let y be m(3). Calculate the greatest common factor of y and 144.
18
Suppose 0 = 5*g - 2*t - 484, g + t - 102 = 4*t. Calculate the highest common factor of g and 24.
24
Let f be 4 - 2/(-3)*-3. Suppose -3*v = 3*n - 45, -3 = -3*v + 5*n + f. What is the greatest common factor of v and 80?
10
Suppose 4*t - 10 = 2*a, 3*t + 5 = 7*t - a. Let v be 12 - t/(3 - 6). Calculate the greatest common divisor of 132 and v.
12
Let i(v) = -2*v**2 + 45*v - 168. Let k be i(16). What is the highest common factor of k and 124?
4
Let l(b) = 10*b - 3. Let t be l(6). Suppose g + 2*g = 5*x - t, 52 = 4*x + 4*g. What is the greatest common factor of 30 and x?
6
Suppose 3*i = 8*i - 5. Let u be (-13 - 10)/(2 + -1). Let k = i - u. Calculate the highest common factor of k and 12.
12
Let q(k) = 2*k**2 - 3*k - 56. Let y be q(-8). Calculate the highest common factor of 96 and y.
96
Suppose -3*p = p - 12. Let n be 1/p + (-2278)/(-51). What is the greatest common factor of 5 and n?
5
Let u be 7*2*(-4)/8. Let n(q) = -10*q + 1. Let c be n(1). Let k = u - c. Calculate the highest common divisor of k and 2.
2
Suppose 3*o + 3 = 0, -4*r - o = 19 + 6. Let w = r - -8. Suppose -11 = -w*g - 3. Calculate the greatest common divisor of g and 32.
4
Let i(d) = d**3 - 3*d**2 + 5*d - 3. Let a = -129 - -134. Let c be i(a). Calculate the greatest common factor of 9 and c.
9
Suppose -h + 3 = 0, -h - 4*h = 5*w - 10. Let a be (-10)/(-1 + w) + 1. Suppose 0 = -f + 2*f - 2. What is the highest common factor of f and a?
2
Let p(g) = -g**2 - 6*g - 8. Let s be p(-5). Let d be (-2)/(1/(6/(s - 0))). What is the greatest common divisor of d and 18?
2
Suppose -22*k + 15*k + 567 = 0. What is the highest common factor of 18 and k?
9
Suppose -g + 3 + 1 = 0. Suppose 4*a - 42 = -3*j, -a + 6 = 3. What is the greatest common divisor of j and g?
2
Suppose -43*f + 40*f = -6. Suppose -16 + 10 = -f*h. What is the highest common divisor of 12 and h?
3
Suppose 5*v = -2*n + 38 - 165, 4*n = -5*v - 229. Let o = -39 - n. What is the highest common divisor of 60 and o?
12
Let k(z) = 7*z**2 + 45*z - 98. Let p be k(2). What is the highest common divisor of p and 64?
4
Let y be 4/(-6) - (-3)/(18/424). Calculate the highest common divisor of 10 and y.
10
Let y(q) = 12*q - 30. Let x be y(-19). Let a = -163 - x. Calculate the highest common factor of 38 and a.
19
Let s(p) = -17*p + 568. Let m be s(28). What is the greatest common factor of m and 20?
4
Suppose 0 = 5*k + 5*t - 40, -2*t = -1 + 11. Suppose -3*v - 5*u + 75 = -100, -4*u = v - 49. What is the highest common factor of k and v?
13
Let a = 1058 - 449. What is the highest common divisor of a and 174?
87
Let b(q) = q**3 + 7*q**2 + 2*q - 5. Let h be b(-7). Let g = 37 + h. Let f be (9 - 15)*-7*3. Calculate the highest common factor of f and g.
18
Let w be (-1)/((2/3128)/(-2 - -1)). What is the highest common factor of w and 184?
92
Let k(i) = 165*i. Let g be k(3). Let q = g + 0. Suppose 2*r + q = 5*r. What is the highest common factor of r and 66?
33
Let n = -264 + 296. Calculate the highest common divisor of n and 136.
8
Suppose 4*d = -b + 96, -78 = -2*b - 3*d + 114. Calculate the greatest common divisor of b and 30.
6
Suppose -2*j = -j - 3. Suppose -3 = -0*s + j*s. Let b be (-19)/((-4)/(-8)*s). Calculate the greatest common factor of b and 19.
19
Let o(p) = 103*p**2 - 28*p + 143. Let s be o(7). What is the highest common factor of 22 and s?
22
Suppose 2*i = 9 + 1. Suppose 0*j = -j - 2*g - i, 3*j + 5*g + 11 = 0. Calculate the highest common divisor of 3 and j.
3
Suppose 5*f + 4*w - 8 = f, 0 = 3*f - w + 2. Suppose f = -j - 3 - 9. Let a = j - -14. Calculate the highest common factor of 1 and a.
1
Let m be (9 + 0)/((-6)/(-68)). Let r = -1494 + 1528. Calculate the highest common factor of m and r.
34
Suppose 4*q = q + 903. What is the greatest common divisor of q and 43?
43
Suppose -5*r + 4*v = -v - 40, 0 = -3*v + 3. Let k be ((-2)/2)/(r/(-153)). Let w = k + -15. What is the highest common divisor of w and 20?
2
Suppose 45 = 4*y - 275. What is the greatest common factor of y and 112?
16
Suppose 0 = 11*q - 246 + 4. Calculate the highest common factor of 143 and q.
11
Suppose 0 = 7*f - 8*f + 4*i + 56, f - 20 = -5*i. What is the greatest common factor of f and 1160?
40
Let q be (-12)/(-30) + (-219)/(-15). Let d be 12/(-8) - 123/(-2). Calculate the highest common divisor of d and q.
15
Let z be 36/16 - (-1)/(-4). Suppose 6*o = z*o + 72. What is the highest common divisor of o and 27?
9
Suppos